23
Let g = 0 + 2. Suppose -g*d - f - 5 = -5*d, 2*d + 2*f + 10 = 0. Suppose 2*y + q + 2 = -q, -4*y - q + 11 = d. What are the prime factors of y?
2
Let g = -91 + 141. Let z = -19 + g. What are the prime factors of z?
31
Let o = 445 + -329. What are the prime factors of o?
2, 29
Suppose 3*t + 5*v - 340 = 1012, 2*t - 902 = -4*v. List the prime factors of t.
449
Let f be (-6 - -58) + (-4 - -1). Let i(d) = 0*d + f - 42 + 2*d. What are the prime factors of i(9)?
5
Let h be 4 - (4/2 - (4 + -4)). List the prime factors of (41/h)/(-3 + (-38)/(-12)).
3, 41
Let y be (5 - (-25)/(-15))*(-6)/(-4). Suppose -y = 3*n + 2*a - 94, 4*n = -5*a + 107. List the prime factors of n.
3, 11
Suppose -3*d + 32 + 37 = 0. Let i = 7 + d. List the prime factors of i.
2, 3, 5
Let u(m) = 8*m**2 + 17*m + 128. List the prime factors of u(-7).
401
What are the prime factors of (-1 + 2/(-2))*(-4104)/16?
3, 19
Let l(f) = 7*f**3 - 8*f**2 - 14*f - 3. Let i(n) = 8*n**3 - 9*n**2 - 15*n - 4. Let j(b) = -6*i(b) + 7*l(b). List the prime factors of j(5).
2, 19
Let i = -29 - -43. Suppose 17*b = i*b + 210. What are the prime factors of b?
2, 5, 7
Let i(g) = -182*g - 366. What are the prime factors of i(-8)?
2, 5, 109
Let p(t) = 6*t**2 + 20*t - 41. What are the prime factors of p(2)?
23
Let f be (-8)/(-6) - (1 + 10/(-6)). Suppose 3*r = -f*r + 310. List the prime factors of r.
2, 31
Suppose 4*t - 5*z - 12144 = 0, -z + 2 = 6. What are the prime factors of t?
7, 433
Let o = 1459 - 94. List the prime factors of o.
3, 5, 7, 13
Suppose -q = -0*q + 4. Let l be 40/25 + q/(-10). What are the prime factors of -2 - 6*l*-3?
2, 17
Let q be 3 + 4 + 0 + -3 + -1. Suppose 2*a = -a + 24. Suppose -22 = -j - a*g + q*g, -18 = -2*j + 3*g. List the prime factors of j.
2, 3
Let s = 1495 - 1264. List the prime factors of s.
3, 7, 11
Suppose -5*o + 425 = -255. Let z = o + 11. List the prime factors of z.
3, 7
Let o = -53 + 555. List the prime factors of o.
2, 251
Suppose 4*t + 17 = 5*x, -3*x + 7*x + 4*t = 28. Suppose -2*r - x*y + 104 = 0, 5*r = -5*y + 3*y + 218. What are the prime factors of r?
2, 3, 7
Let t = -6 - -2. List the prime factors of t/(-6) - 6/(90/(-965)).
5, 13
Let t(w) = 10*w**2 + w - 3. Suppose 0 = 4*s + 7 + 5. What are the prime factors of t(s)?
2, 3, 7
Suppose w + 4 = 3*w. Suppose -4*p + 18 = -2. List the prime factors of 6 - p - (-18 + w).
17
Suppose 0*z + 3*z = 15. Suppose z*b - 2*l + 2 = -26, 0 = 3*b + 3*l. What are the prime factors of (-4)/(-16) - 123/b?
31
Let k be (-104)/(-64) + (-3)/(-8). List the prime factors of 28/6*(k + 10).
2, 7
Let m be (4/2 - 3)*-1. Let b(d) = 75*d**3 - d**2 + 2*d - 1. Let o be b(m). Suppose -3*t + o = 4*k, 5*k - 4*t - 50 = t. What are the prime factors of k?
3, 5
List the prime factors of ((-12)/(-9))/((-2)/(-3930) - 0).
2, 5, 131
Let h = -64 + 168. Suppose 0 = -2*s - 2*r - 4, -2*s - 2*s + 3*r + 27 = 0. Suppose s*l - 5*l + h = 0. What are the prime factors of l?
2, 13
Let y(t) = -24*t - 44. Let n be y(-9). Let c = n + -78. What are the prime factors of c?
2, 47
Suppose -2*y + j + 3120 = 6*j, 2*y - 3120 = 2*j. What are the prime factors of y?
2, 3, 5, 13
Let r(l) = -l + 6. Let k be r(-6). Suppose -k + 17 = h. Suppose -5*f = u - 4*f - 15, -4*u = -h*f - 105. List the prime factors of u.
2, 5
Suppose -20*c - 34775 = -45*c. List the prime factors of c.
13, 107
Suppose 3*v - 565 + 57 = -b, v = -2*b + 166. Suppose z = -2*f + 82, -2*z + 0*f + v = 2*f. What are the prime factors of z?
2, 11
Let i = 25 + -20. Suppose 4*f = -b + 2*b - 56, f = i*b - 185. What are the prime factors of b?
2, 3
Let y be -3 + 2/2 - (-1488)/(-8). Let c = -104 - y. What are the prime factors of c?
2, 3, 7
Let j be (0 + -3)/(3/(-2)). Let y be (-1)/1 + 2 + 1. Suppose -j*i = -y - 48. List the prime factors of i.
5
Let x = 65 - 62. List the prime factors of x - -81 - (6 + -5).
83
Suppose 22*t - 472 = 14*t. Suppose 82 = 3*r + 7. Suppose r + t = 3*x. What are the prime factors of x?
2, 7
What are the prime factors of -1*(-265 + 7 + -11)?
269
Let v(a) = -4*a - 7. Let q be v(-11). Let j = 101 + q. List the prime factors of (1 - 3)/((-12)/j).
23
Let r = -82 - -84. Suppose -4*t - 7*b + 434 = -r*b, 218 = 2*t + 3*b. List the prime factors of t.
2, 53
List the prime factors of (-10)/(-2) + 598 + 8 + 0.
13, 47
Suppose 1066*r - 1060*r - 12036 = 0. List the prime factors of r.
2, 17, 59
Let y(a) = a**2 + 11*a + 51. Let h be y(-7). Suppose -24*d + 124 = -h*d. List the prime factors of d.
2, 31
List the prime factors of (-2 + (-80)/25)*-80.
2, 13
Suppose 4*t + 95 = 567. Let f = -27 + 32. Suppose -t = -f*h - 13. What are the prime factors of h?
3, 7
Let b be 57 + (-4 - -5)/1. Suppose 0 = -5*y + 3*m + 2*m - 5, -m = -3*y - 1. Suppose y = -3*j - 13 + b. List the prime factors of j.
3, 5
Let d = 1501 - 1472. What are the prime factors of d?
29
Let t = -9 - -13. Let a(x) = -11 + x - x**3 + 3*x**2 + t*x**2 - 2. What are the prime factors of a(6)?
29
Suppose 0 = p + 4*p - q - 454, -8 = 2*q. Suppose -2*f + 5*f - p = 0. List the prime factors of f.
2, 3, 5
Suppose 18 = 2*r - 2*k, 36 = 4*r + k - 4*k. Let c(b) = -2*b**2 + 24*b - 17. What are the prime factors of c(r)?
37
Let p be 16/(-2)*1/(-2). Let r(i) be the third derivative of 7*i**4/24 + 4*i**3/3 - 9*i**2. What are the prime factors of r(p)?
2, 3
Suppose 0*m - 735 = 5*m. Let d be 1/(-4) - m/28. Suppose -n + 2*n = -3*o + 7, -d*n - o + 35 = 0. List the prime factors of n.
7
Let a(s) = -2*s**3 - 16*s**2 - 9*s + 5. What are the prime factors of a(-13)?
2, 3, 151
Let h(a) = -1731*a**2 + 1737*a**2 - a + 3 - 4*a. List the prime factors of h(5).
2
Let w(h) = 2*h**3 - 11*h**2 - 4*h + 1. Let g be 2 - (-8 + -4 + 6). List the prime factors of w(g).
17
Let z be 422/8 + (1 - 9/12). Suppose 2*y - 272 = -4*f - 3*y, f + 5*y = z. What are the prime factors of f?
73
Suppose 0 = -4*r + 5*j + 29, 3*r + 2*r = -5*j - 20. Let c(s) = 25*s - 22*s + 26*s. What are the prime factors of c(r)?
29
Suppose 4*d + 4 = 6*d. Suppose 4*x - 22 + d = 0. Suppose -5*n + x = -120. What are the prime factors of n?
5
Suppose 305 = 2*n + 5*u, -3*n = 16*u - 18*u - 486. List the prime factors of n.
2, 5
Suppose 0 = -5*p + 3*y + 1076 + 318, 2*p - 564 = -2*y. What are the prime factors of p?
2, 5, 7
Let d(w) be the first derivative of w**2 - 12*w - 5. Let n be d(7). Suppose 0 = -n*b - 14 + 48. What are the prime factors of b?
17
List the prime factors of 4/1*((-22638)/12)/(-11).
2, 7
Let g(d) be the second derivative of 3*d**3/2 + 12*d**2 + 7*d. List the prime factors of g(7).
3, 29
Let f = 21 + -16. Suppose -7*r + 62 = -f*r. List the prime factors of r.
31
Let a = 255 + -104. What are the prime factors of a?
151
Suppose -70*o + 13830 = -40*o. List the prime factors of o.
461
Suppose 7 = -2*g + 3. What are the prime factors of (-135)/g - 1/2?
67
Let c(b) = -152*b**3 + b**2 - 10*b - 16. List the prime factors of c(-2).
2, 3, 17
Let k(z) = 8*z**2 + 27*z - 294. What are the prime factors of k(10)?
2, 97
Let s(n) = 3*n**2 + 9*n - 9. Let d be s(7). Suppose d + 234 = 5*m. What are the prime factors of m?
3, 29
Let n(v) = -v**3 + 10*v**2 - 3*v - 5. Let i be n(10). Let u = i - -37. What are the prime factors of u?
2
Let s be (-29)/(-1) + 4 + -3. Suppose -s = -7*r + 40. What are the prime factors of r?
2, 5
Let i = 691 + -386. What are the prime factors of i?
5, 61
Suppose 428 - 2 = l. List the prime factors of l.
2, 3, 71
Suppose 6*y - 6 - 12 = 0. Let z(g) = 21*g - 6. Let j be z(y). Suppose 0 = -3*r + 15 + j. List the prime factors of r.
2, 3
Let r be (0 - 4)/((-2 - -4)*-1). Let p(x) = 3*x**2 + 8*x - 3. What are the prime factors of p(r)?
5
Let h(s) = 148*s**2 - 2*s - 1. Let p(x) = -x**2 + 5*x - 1. Let k be p(5). List the prime factors of h(k).
149
Let v be 19*(-2 - -2 - 1). Let l(y) = -y**3 + 5*y**2 + 5*y + 2. Let n be l(4). Let a = v + n. What are the prime factors of a?
19
Let x(t) = -t**2 + 29*t - 29. Let k be x(22). Suppose 2*o - k = 5*n - 0*n, -4*o + 2*n + 274 = 0. List the prime factors of o.
2, 5, 7
Suppose 598 = m - 152. List the prime factors of m.
2, 3, 5
Suppose 2*a = -c + 433, -5*c = -16*a + 18*a - 2165. What are the prime factors of c?
433
Let n = -691 - -1243. What are the prime factors of n?
2, 3, 23
Let l(n) = -6*n. Let j be l(-2). Let w = j + -10. Suppose w*a + 3*a - 70 = 0. What are the prime factors of a?
2, 7